{"id":2932,"date":"2021-06-30T21:43:41","date_gmt":"2021-06-30T19:43:41","guid":{"rendered":"https:\/\/mtrigalou.com\/?page_id=2932"},"modified":"2021-06-30T23:04:04","modified_gmt":"2021-06-30T21:04:04","slug":"delires-interieurs-2","status":"publish","type":"page","link":"https:\/\/mtrigalou.com\/?page_id=2932","title":{"rendered":"DELIRES INTERIEURS"},"content":{"rendered":"<p>Pendant ces quelques de semaines d\u2019enfermement forc\u00e9, que de frustrations de ne pas pouvoir essayer mon nouvel appareil fraichement acquis.<br \/>Un peu de macro photo, mais sans grand succ\u00e8s. Pas beaucoup de petites b\u00eates \u00e0 traquer dans le jardin&nbsp;! Ah, quelques fleurs\u2026..bof, l\u2019envie n\u2019y \u00e9tait pas vraiment.<br \/>Et sans doute beaucoup de flemmardise avait fini par s\u2019installer\u2026 avant de me lancer enfin et de retrouver le courage de pousser les meubles, de d\u00e9ployer tr\u00e9pieds, fond noir, de fouiner dans la maison \u00e0 la recherche d\u2019objets, d\u2019accessoires, de v\u00eatements pouvant \u2018\u2019d\u00e9clencher\u2019\u2019 l\u2019inspiration et profiter de la lumi\u00e8re du jour, pour mettre en sc\u00e8ne chacun de ces autoportraits.<br \/>Ouf, le virus de la photo est revenu !<\/p>\n","protected":false},"excerpt":{"rendered":"<p>Pendant ces quelques de semaines d\u2019enfermement forc\u00e9, que de frustrations de ne pas pouvoir essayer mon nouvel appareil fraichement acquis.Un peu de macro photo, mais sans grand succ\u00e8s. Pas beaucoup de petites b\u00eates \u00e0 traquer dans le jardin&nbsp;! Ah, quelques fleurs\u2026..bof, l\u2019envie n\u2019y \u00e9tait pas vraiment.Et sans doute beaucoup de flemmardise avait fini par s\u2019installer\u2026 [&hellip;]<\/p>\n","protected":false},"author":1,"featured_media":2403,"parent":27,"menu_order":0,"comment_status":"closed","ping_status":"closed","template":"template-gallery-4.php","meta":[],"_links":{"self":[{"href":"https:\/\/mtrigalou.com\/index.php?rest_route=\/wp\/v2\/pages\/2932"}],"collection":[{"href":"https:\/\/mtrigalou.com\/index.php?rest_route=\/wp\/v2\/pages"}],"about":[{"href":"https:\/\/mtrigalou.com\/index.php?rest_route=\/wp\/v2\/types\/page"}],"author":[{"embeddable":true,"href":"https:\/\/mtrigalou.com\/index.php?rest_route=\/wp\/v2\/users\/1"}],"replies":[{"embeddable":true,"href":"https:\/\/mtrigalou.com\/index.php?rest_route=%2Fwp%2Fv2%2Fcomments&post=2932"}],"version-history":[{"count":2,"href":"https:\/\/mtrigalou.com\/index.php?rest_route=\/wp\/v2\/pages\/2932\/revisions"}],"predecessor-version":[{"id":2935,"href":"https:\/\/mtrigalou.com\/index.php?rest_route=\/wp\/v2\/pages\/2932\/revisions\/2935"}],"up":[{"embeddable":true,"href":"https:\/\/mtrigalou.com\/index.php?rest_route=\/wp\/v2\/pages\/27"}],"wp:featuredmedia":[{"embeddable":true,"href":"https:\/\/mtrigalou.com\/index.php?rest_route=\/wp\/v2\/media\/2403"}],"wp:attachment":[{"href":"https:\/\/mtrigalou.com\/index.php?rest_route=%2Fwp%2Fv2%2Fmedia&parent=2932"}],"curies":[{"name":"wp","href":"https:\/\/api.w.org\/{rel}","templated":true}]}}